f 15742.
2, 17, 463
What are the prime factors of 18277?
7, 373
What are the prime factors of 10473?
3, 3491
What are the prime factors of 1118?
2, 13, 43
What are the prime factors of 1059?
3, 353
What are the prime factors of 44?
2, 11
What are the prime factors of 492?
2, 3, 41
What are the prime factors of 1306?
2, 653
List the prime factors of 42394.
2, 11, 41, 47
List the prime factors of 2431.
11, 13, 17
List the prime factors of 1262.
2, 631
What are the prime factors of 878?
2, 439
What are the prime factors of 590?
2, 5, 59
What are the prime factors of 89418?
2, 3, 7, 2129
List the prime factors of 13554.
2, 3, 251
List the prime factors of 8325.
3, 5, 37
What are the prime factors of 201?
3, 67
What are the prime factors of 646?
2, 17, 19
What are the prime factors of 2172?
2, 3, 181
List the prime factors of 86532.
2, 3, 7211
List the prime factors of 707.
7, 101
List the prime factors of 172.
2, 43
List the prime factors of 4098.
2, 3, 683
What are the prime factors of 93423?
3, 11, 19, 149
What are the prime factors of 35970?
2, 3, 5, 11, 109
List the prime factors of 27209.
7, 13, 23
What are the prime factors of 1397?
11, 127
What are the prime factors of 6873?
3, 29, 79
What are the prime factors of 26217?
3, 971
List the prime factors of 2037.
3, 7, 97
List the prime factors of 13114.
2, 79, 83
What are the prime factors of 835?
5, 167
What are the prime factors of 27?
3
What are the prime factors of 1549?
1549
List the prime factors of 120819.
3, 17, 23, 103
List the prime factors of 185966.
2, 11, 79, 107
What are the prime factors of 22850?
2, 5, 457
What are the prime factors of 18419?
113, 163
What are the prime factors of 9280?
2, 5, 29
What are the prime factors of 1318?
2, 659
List the prime factors of 87889.
179, 491
What are the prime factors of 7084?
2, 7, 11, 23
List the prime factors of 152866.
2, 7, 61, 179
List the prime factors of 1655.
5, 331
List the prime factors of 22431.
3, 7477
List the prime factors of 981.
3, 109
List the prime factors of 13689.
3, 13
List the prime factors of 16221.
3, 5407
What are the prime factors of 5820?
2, 3, 5, 97
List the prime factors of 298.
2, 149
What are the prime factors of 1145?
5, 229
What are the prime factors of 521?
521
List the prime factors of 2542.
2, 31, 41
What are the prime factors of 2838?
2, 3, 11, 43
What are the prime factors of 25457?
25457
List the prime factors of 891.
3, 11
List the prime factors of 457.
457
What are the prime factors of 25116?
2, 3, 7, 13, 23
List the prime factors of 517.
11, 47
List the prime factors of 13024.
2, 11, 37
What are the prime factors of 2406?
2, 3, 401
What are the prime factors of 11101?
17, 653
List the prime factors of 13448.
2, 41
What are the prime factors of 72749?
23, 3163
What are the prime factors of 72560?
2, 5, 907
List the prime factors of 2596.
2, 11, 59
What are the prime factors of 3083?
3083
What are the prime factors of 42617?
19, 2243
What are the prime factors of 91912?
2, 11489
What are the prime factors of 4656?
2, 3, 97
What are the prime factors of 8523?
3, 947
List the prime factors of 22895.
5, 19, 241
What are the prime factors of 35?
5, 7
What are the prime factors of 154283?
41, 53, 71
What are the prime factors of 2344?
2, 293
What are the prime factors of 5239?
13, 31
What are the prime factors of 4782?
2, 3, 797
What are the prime factors of 2947?
7, 421
List the prime factors of 752.
2, 47
What are the prime factors of 3100?
2, 5, 31
What are the prime factors of 43441?
43441
What are the prime factors of 1237?
1237
What are the prime factors of 13505?
5, 37, 73
List the prime factors of 47211.
3, 15737
List the prime factors of 53777.
53777
List the prime factors of 2781.
3, 103
List the prime factors of 3208.
2, 401
What are the prime factors of 1163?
1163
List the prime factors of 63855.
3, 5, 11, 43
What are the prime factors of 1106?
2, 7, 79
What are the prime factors of 115596?
2, 3, 13, 19
List the prime factors of 23744.
2, 7, 53
List the prime factors of 400.
2, 5
What are the prime factors of 10564?
2, 19, 139
What are the prime factors of 512?
2
List the prime factors of 5957.
7, 23, 37
List the prime factors of 2691.
3, 13, 23
What are the prime factors of 668?
2, 167
List the prime factors of 17515.
5, 31, 113
List the prime factors of 679.
7, 97
What are the prime factors of 21827?
13, 23, 73
List the prime factors of 183.
3, 61
What are the prime factors of 7911?
3, 293
What are the prime factors of 80523?
3, 23, 389
What are the prime factors of 14169?
3, 4723
List the prime factors of 200.
2, 5
What are the prime factors of 37715?
5, 19, 397
What are the prime factors of 763?
7, 109
List the prime factors of 8986.
2, 4493
List the prime factors of 3527.
3527
What are the prime factors of 238?
2, 7, 17
What are the prime factors of 3349?
17, 197
What are the prime factors of 132140?
2, 5, 6607
What are the prime factors of 100666?
2, 50333
List the prime factors of 21026.
2, 10513
List the prime factors of 7330.
2, 5, 733
What are the prime factors of 3482?
2, 1741
What are the prime factors of 17783?
17783
List the prime factors of 10633.
7, 31
List the prime factors of 18052.
2, 4513
List the prime factors of 11952.
2, 3, 83
What are the prime factors of 61306?
2, 7, 29, 151
List the prime factors of 39166.
2, 19583
What are the prime factors of 1734?
2, 3, 17
What are the prime factors of 12727?
11, 13, 89
What are the prime factors of 505?
5, 101
List the prime factors of 3624.
2, 3, 151
List the prime factors of 133526.
2, 66763
What are the prime factors of 754?
2, 13, 29
List the prime factors of 19595.
5, 3919
List the prime factors of 4343.
43, 101
What are the prime factors of 4028?
2, 19, 53
List the prime factors of 16347.
3, 5449
List the prime factors of 1438.
2, 719
What are the prime factors of 6782?
2, 3391
List the prime factors of 39922.
2, 19961
What are the prime factors of 1033?
1033
List the prime factors of 24719.
19, 1301
What are the prime factors of 960?
2, 3, 5
What are the prime factors of 383?
383
What are the prime factors of 195866?
2, 11, 29, 307
What are the prime factors of 929?
929
What are the prime factors of 46809?
3, 7, 743
What are the prime factors of 21175?
5, 7, 11
What are the prime factors of 8276?
2, 2069
What are the prime factors of 48453?
3, 31, 521
What are the prime factors of 3071?
37, 83
What are the prime factors of 1483?
1483
What are the prime factors of 22623?
3, 7541
What are the prime factors of 825?
3, 5, 11
List the prime factors of 1159.
19, 61
What are the prime factors of 1079?
13, 83
List the prime factors of 7032.
2, 3, 293
What are the prime factors of 1083?
3, 19
What are the prime factors of 22026?
2, 3, 3671
What are the prime factors of 1067?
11, 97
What are the prime factors of 14522?
2, 53, 137
List the prime factors of 4385.
5, 877
List the prime factors of 1831.
1831
List the prime factors of 2221.
2221
What are the prime factors of 396?
2, 3, 11
What are the prime factors of 17830?
2, 5, 1783
What are the prime factors of 6189?
3, 2063
What are the prime factors of 3184?
2, 199
What are the prime factors of 160618?
2, 80309
What are the prime factors of 7844?
2, 37, 53
List the prime factors of 29810.
2, 5, 11, 271
What are the prime factors of 51851?
19, 2729
What are the prime factors of 41668?
2, 11, 947
What are the prime factors of 1745?
5, 349
What are the prime factors of 121946?
2, 11, 23, 241
List the prime factors of 1125.
3, 5
List the prime factors of 3090.
2, 3, 5, 103
List the prime factors of 543.
3, 181
What are the prime factors of 3544?
2, 443
What are the prime factors of 5900?
2, 5, 59
List the prime factors of 2565.
3, 5, 19
List the prime factors of 13165.
5, 2633
What are the prime factors of 796?
2, 199
List the prime factors of 37123.
37123
What are the prime factors of 25?
5
What are the prime factors of 2095?
5, 419
What are the prime factors of 75389?
75389
What are the prime factors of 17288?
2, 2161
List the prime factors of 4417.
7, 631
List the prime factors of 3056.
2, 191
What are the prime factors of 1452?
2, 3, 11
List the prime factors of 1592.
2, 199
What are the prime factors of 17441?
107, 163
What are the prime factors of 10120?
2, 5, 11, 23
List the